3 a factor of m?
True
Suppose 2*b = 98 + 100. Is 9 a factor of b?
True
Let n = -63 + 43. Is 10 a factor of n/(-3)*1*3?
True
Suppose 4*i - i = 0. Suppose -5*h + 3*z + 179 = i, z - 142 = -4*h + 4*z. Is h a multiple of 13?
False
Let s(j) = 30*j - 3. Let d(a) = 1. Let o(m) = 2*d(m) + s(m). Let z be 10/9 - 2/18. Does 15 divide o(z)?
False
Let f = 6 + -4. Let y(i) = 5*i**f - 3*i**2 + i - 8*i - 3*i**2. Is y(-6) a multiple of 3?
True
Let j = -83 - -59. Let y = -6 - j. Is y a multiple of 6?
True
Let w be (0 - -1)/(1/113). Let z = w - 81. Is z a multiple of 16?
True
Suppose -7*t = -4*t + 153. Let d = t + 273. Suppose -5*g - 77 + d = 5*h, h = -4*g + 44. Does 9 divide h?
False
Suppose -2*o = -15 - 15. Suppose -3*c = 2*c - o. Is 3 a factor of c?
True
Does 14 divide 99 + 4 - (2 + (1 - 4))?
False
Suppose 16 = 4*k - l, 0 = 3*l - 2*l + 4. Let y be -41 - 0 - (k + -4). Let d = y + 71. Does 11 divide d?
False
Let j(x) = 2*x**2 - 4*x + 3. Suppose 5*f = -6 + 26, -f = 3*m - 16. Is j(m) a multiple of 19?
True
Let d(r) = r**3 + 13*r**2 + 2*r - 40. Is d(-11) a multiple of 10?
True
Suppose -3*z + 102 = -3*w, 3*z = w + 3*w + 106. Suppose -h - 2*p - 9 = -z, 90 = 3*h - 3*p. Is h a multiple of 24?
False
Suppose -19*g + 18*g + 101 = 0. Is g a multiple of 6?
False
Suppose x - 2*v = -0*x + 64, v + 221 = 4*x. Is 18 a factor of x?
True
Let f(k) = k**3 + 8*k**2 + 4*k + 4. Is f(-6) a multiple of 13?
True
Let x(w) = -w**2 + 5*w + 2. Let l be x(6). Is 21 a factor of 70/l*(-24)/10?
True
Let a = 35 + 5. Does 7 divide a?
False
Let c(a) = 2*a**2 - 3*a + 1. Let g be c(2). Let i(z) = -7*z**3 + 2*z - 6*z**2 + z**g + 4*z**3 - 8 + z**3. Does 11 divide i(-7)?
False
Let w(o) = -2 + o**2 + 0*o + o + 1 + 3*o**2. Let l be w(1). Suppose 8 = 4*p, p - 54 = -6*t + l*t. Is 11 a factor of t?
False
Let g(b) = -b**2 - 6*b + 11. Let f be g(-8). Let i = f - -13. Is 4 a factor of i?
True
Suppose -5*n + 2*n = -4*k - 196, 62 = n - 2*k. Is 18 a factor of n?
True
Let q = 1 - -5. Let v be (-4)/q + 66/18. Does 3 divide 3 - 4/((-4)/v)?
True
Let x = -5 + 8. Let v(w) = -w**2 + w + 1. Let b(p) = -p**2 + 2*p + 3. Let j(r) = b(r) - 2*v(r). Does 10 divide j(x)?
True
Let s(b) = b**3 - 8*b**2 - 8*b - 1. Is s(9) a multiple of 2?
True
Let z = -243 + 345. Does 9 divide z?
False
Suppose -4*x + 2*g - 10 = 0, 16 = -2*x - 5*g + 5. Let f(m) = m**2 + 1. Does 6 divide f(x)?
False
Let k be 12/20 + 8/(-5). Let f = k - -4. Suppose f*t - 15 - 3 = 0. Is t a multiple of 2?
True
Is 7 a factor of (1 + -2)/(2/(-14))?
True
Let o(k) = 7 - 8*k + 5*k**3 - 9*k**2 - 6*k - 4*k**3 + 3*k. Let u be o(10). Let c = 5 - u. Is c a multiple of 3?
False
Suppose 5*p - 2*m - 328 = 0, -2*p - 5*m + 3*m = -120. Does 19 divide p?
False
Does 4 divide 1/((2/(-22))/(-1))?
False
Suppose -3*w = -w. Suppose 62 = 4*s - 2*b - w*b, -3*s - 4*b = -74. Is s a multiple of 4?
False
Let i(m) = m**2 + 6*m - 1. Is 6 a factor of i(-9)?
False
Let y(o) = -o**2 - 12*o - 7. Let r(t) = t**2 + 12*t + 6. Let m(s) = 5*r(s) + 6*y(s). Does 11 divide m(-8)?
False
Let r(w) = -w**3 + 6*w**2 + 24*w - 7. Is 11 a factor of r(8)?
False
Suppose r + 7 = -0. Let a = 2 - r. Does 9 divide a?
True
Let o(c) = -4*c**3 - 5*c**2 - 13*c + 1. Let h(t) = 5*t**3 + 5*t**2 + 14*t - 2. Let f(n) = 5*h(n) + 6*o(n). Is 9 a factor of f(7)?
False
Is (66/(-5))/(34/(-85)) a multiple of 12?
False
Let a = 9 + -9. Suppose 4 = 4*d, 2*h + 3*d = -a*h + 7. Is h even?
True
Let z(s) = 4*s - 4. Let x be 72/33 - 4/22. Suppose -x*j = 2*j - 16. Is 6 a factor of z(j)?
True
Let l = 6 - -50. Is 17 a factor of l?
False
Let y = -30 + 81. Does 17 divide y?
True
Let i(v) = 2*v**2 + 4*v - 1. Suppose 5*u = 3 + 17. Suppose 0 = -u*g + 8 + 4. Does 13 divide i(g)?
False
Let x be (-2)/((-1)/(-3)*3). Let l be (-20)/5*x/4. Suppose 0 = -5*f - 4*s + 82, f - 7*s = -3*s + l. Is 7 a factor of f?
True
Let g be -11 + 0 + 2 + 2. Let m = g + 19. Does 12 divide m?
True
Suppose -4*x + 23 = 4*s - 33, x - 5*s - 38 = 0. Is x even?
True
Let j(k) be the third derivative of -k**6/120 + k**5/30 + k**4/12 + k**3/6 - k**2. Let c be j(3). Is 13 a factor of 22/2 + c/(-1)?
True
Is (-13)/2*(3 + -7) a multiple of 11?
False
Let i(h) = -5*h - 6. Let a(g) = 4*g + 5. Let s(c) = -6*a(c) - 5*i(c). Let t be s(5). Let n = t - 2. Is n a multiple of 2?
False
Let o be 1*58*(-8 - -9). Let p = o + -25. Is p a multiple of 11?
True
Suppose 0 = 3*j + 2*z - 12, -j = 3*j + 4*z - 20. Let m(g) = g. Let h be m(j). Suppose 9 = l - h*x - 6, -53 = -5*l - x. Does 3 divide l?
False
Let u = 1 - -52. Is 8 a factor of u?
False
Let d be 1*(-1)/(-2)*-8. Let z(l) = -l**2 - 9*l - 5. Does 15 divide z(d)?
True
Let u = -2 + 25. Let j = u + -10. Is 12 a factor of j?
False
Suppose 3*p + 158 = 4*l, -3*l = -0*l + 2*p - 110. Is l a multiple of 22?
False
Let n be (-5)/5 - 14/(-1). Let z = -2 + n. Is 9 a factor of z?
False
Let q be (-4)/4 + 1 + 3. Suppose 0 = q*p - 6*p + 30. Is p a multiple of 9?
False
Suppose -u + 72 = x - 5*x, 2*u - 158 = x. Is u a multiple of 22?
False
Suppose -3*o + 0*o + 5*t = -518, -o - 3*t + 168 = 0. Does 9 divide o?
True
Is 17 a factor of 5 + -4 - (-117 + -2 + 1)?
True
Suppose -8 = -5*u - k + 15, -2*u + 3*k + 16 = 0. Suppose -4*w - 3*q = -133, -2*q = -2*w - u*q + 65. Is w a multiple of 17?
True
Let n(i) = -i**2 + 11*i + 15. Let j be n(11). Does 9 divide 0 + 5/(j/108)?
True
Suppose s = 5*p + 55, -132 = 3*s - 6*s + 4*p. Is 7 a factor of s?
False
Suppose 0*f - 55 = -5*f. Suppose -3*m - 69 = -3*j, -3*m + 45 = 2*j + j. Suppose -3*g + 48 + j = -5*p, g + 5*p = -f. Is g a multiple of 5?
False
Let c(o) = -o**3 - 4*o**2 + 3. Let a be c(-4). Suppose 0 = g + g - 6, -a*g = 5*r - 74. Let m = -9 + r. Is m a multiple of 4?
True
Let u = -5 + 10. Suppose -u*z - 5 = 15. Does 7 divide (-27)/z + (-2)/(-8)?
True
Let l = 192 + -335. Let o = 225 + l. Does 25 divide o?
False
Suppose -t = -3*z + 28, 5*t - t + 35 = 5*z. Suppose -z = -c + 4. Is c a multiple of 4?
False
Let g(w) = w**3 + 5*w**2 + 4*w - 1. Let q be (-2)/2 - (2 + 0). Is 5 a factor of g(q)?
True
Let t = -5 - 6. Let b = -6 - t. Suppose -2*g - 2*g + 77 = 3*j, 0 = b*g + 4*j - 96. Is g a multiple of 11?
False
Let c(k) = 4*k - 2. Let l be c(2). Suppose -l*s + 5*b = -3*s - 40, 3*s - 44 = 4*b. Is s a multiple of 6?
False
Let c = -2 - -6. Does 10 divide ((-88)/6)/(c/(-6))?
False
Let l(z) = -z**2 - 4*z. Let g(h) = h**2 + h. Let q(a) = 2*g(a) + l(a). Is 13 a factor of q(7)?
False
Let d(j) = j**3 - 9*j**2 + 6*j + 4. Let g be d(8). Let c be 6/g*(-4)/2. Is (-21)/(-12)*(13 - c) a multiple of 7?
True
Suppose 3*i - 317 = 4*l, 0*l = -2*i + l + 208. Does 32 divide i?
False
Let y = 18 + -12. Suppose r - y*r = 20. Let z = 9 + r. Does 5 divide z?
True
Let c = -30 - -54. Is c a multiple of 8?
True
Let j be -4*6/8*19. Let n = 89 + j. Is n a multiple of 16?
True
Let m(h) = h**2 + h - 10. Let z be m(5). Let x = -1 + 10. Let b = z - x. Is 11 a factor of b?
True
Let v(m) = 6*m - 4. Let c(t) = -t. Let p(r) = 5*c(r) + v(r). Let z be p(3). Let f(q) = -11*q**3 - q**2 - q - 1. Does 10 divide f(z)?
True
Let i = 5 + 5. Let n = 5 + i. Does 14 divide n?
False
Let b(d) = -d**3 + 5*d**2 + 2*d - 1. Is b(5) a multiple of 3?
True
Suppose -4*q = q - 55. Is 11 a factor of q?
True
Does 30 divide (8 - -67)*4*(-3)/(-6)?
True
Let d(l) = 19 + 3*l - 1 - 4. Is d(14) a multiple of 16?
False
Let f(a) = -a + 5. Let j be f(6). Suppose 3*n - 17 = 5*x, 4 = 3*n - 8. Is 3 a factor of x/(6/(-5) - j)?
False
Suppose -2*r - 19 + 79 = 0. Is 17 a factor of ((-12)/r)/((-2)/170)?
True
Suppose -6*w = -2*a - 4*w + 22, 5*a - 4*w - 58 = 0. Does 14 divide a?
True
Is 18 a factor of ((-2)/(-1) - -159) + 3?
False
Let p = -1 + 7. Let x be (-22)/p + (-3)/9. Let v(a) = a**3 + 6*a**2 + 4*a + 5. Is 7 a factor of v(x)?
True
Suppose 0 = 8*y - 5 - 379. Is y a multiple of 12?
True
Suppose 3*f + 6*p + 7 = 4*p, 0 = -3*f + p + 8. Does 2 divide (f + -6)/(2 + -3)?
False
Suppose -4*n + 6 = -t + 20, -16 = -3*t - n. Let q be 2/(-4) - 113/(-2). Suppose 0 = -2*i + t*i - q. Is 14 a factor of i?
True
Let x be 4/(-3)*39/(-2). Suppose 0*k + 4*k - 5*c - 40 = 0, -4*c - x = -2*k. Does 3 divide k?
False
Suppose 3*q - h - 166 = -2*q, -4*q - 2*h = -130. Suppose -5*o - q = 2*t, 2*o + 6*t + 10 = 2*t. Let s(z) = -z**3 - 7*z**2 + 6. Is 3 a factor of s(o)?
True
Let s be (-4)/(-22) - 12664/(-44). Suppose -3*a + s = b, -2*a + 288 = a - 2*b. Is 15 a factor of